{"id":9,"date":"2024-02-19T16:24:23","date_gmt":"2024-02-19T16:24:23","guid":{"rendered":"https:\/\/museucampusalcoi.webs.upv.es\/?page_id=9"},"modified":"2025-10-27T17:17:49","modified_gmt":"2025-10-27T16:17:49","slug":"colecciones","status":"publish","type":"page","link":"https:\/\/museucampusalcoi.webs.upv.es\/?page_id=9","title":{"rendered":"Colecciones"},"content":{"rendered":"\n<p>Actualmente, el museo cuenta con m\u00e1s de setecientas piezas, doscientas cincuenta expuestas, que se reparten en 5 \u00e1reas tem\u00e1ticas: maquinaria industrial, instrumentos para la did\u00e1ctica de la ciencia, historia del campus de Alcoy, colecci\u00f3n de arte y archivo hist\u00f3rico. Est\u00e1n distribuidas en vitrinas en la planta baja y la primera planta del emblem\u00e1tico edificio de Viaducto. A continuaci\u00f3n puedes ver una muestra de nuestra exposici\u00f3n, aunque lo mejor es verla en directo \u00a1vis\u00edtanos!<\/p>\n\n\n\n<div class=\"wp-block-columns is-layout-flex wp-container-core-columns-is-layout-9d6595d7 wp-block-columns-is-layout-flex\">\n<div class=\"wp-block-column is-layout-flow wp-block-column-is-layout-flow\" style=\"flex-basis:100%\">\n<div class=\"wp-block-group\"><div class=\"wp-block-group__inner-container is-layout-constrained wp-block-group-is-layout-constrained\">\n<div class=\"wp-block-columns are-vertically-aligned-top is-layout-flex wp-container-core-columns-is-layout-9d6595d7 wp-block-columns-is-layout-flex\">\n<div class=\"wp-block-column is-vertically-aligned-top is-layout-flow wp-block-column-is-layout-flow\">\n<div class=\"wp-block-columns is-layout-flex wp-container-core-columns-is-layout-9d6595d7 wp-block-columns-is-layout-flex\">\n<div class=\"wp-block-column is-layout-flow wp-block-column-is-layout-flow\">\n<figure class=\"wp-block-image size-full is-resized\"><img loading=\"lazy\" decoding=\"async\" width=\"736\" height=\"473\" src=\"https:\/\/museucampusalcoi.webs.upv.es\/wp-content\/uploads\/2024\/02\/col_maq_ind.jpg\" alt=\"\" class=\"wp-image-37\" style=\"width:400px;height:auto\" srcset=\"https:\/\/museucampusalcoi.webs.upv.es\/wp-content\/uploads\/2024\/02\/col_maq_ind.jpg 736w, https:\/\/museucampusalcoi.webs.upv.es\/wp-content\/uploads\/2024\/02\/col_maq_ind-300x193.jpg 300w\" sizes=\"auto, (max-width: 736px) 100vw, 736px\" \/><figcaption class=\"wp-element-caption\">Colecci\u00f3n de Maquinaria Industrial<\/figcaption><\/figure>\n\n\n\n<p class=\"has-small-font-size\"><em>La maquinaria industrial de Alcoy a lo largo de los siglos ha experimentado una notable evoluci\u00f3n que se ve plasmada intensamente en la gran variedad de \u00edtems correspondientes a esta colecci\u00f3n.<\/em> <em><a href=\"https:\/\/museucampusalcoi.webs.upv.es\/?page_id=43\">+info<\/a><\/em><\/p>\n<\/div>\n\n\n\n<div class=\"wp-block-column is-layout-flow wp-block-column-is-layout-flow\">\n<figure class=\"wp-block-image size-full is-resized\"><img loading=\"lazy\" decoding=\"async\" width=\"736\" height=\"473\" src=\"https:\/\/museucampusalcoi.webs.upv.es\/wp-content\/uploads\/2024\/02\/col_ins_did.jpg\" alt=\"\" class=\"wp-image-38\" style=\"width:400px\" srcset=\"https:\/\/museucampusalcoi.webs.upv.es\/wp-content\/uploads\/2024\/02\/col_ins_did.jpg 736w, https:\/\/museucampusalcoi.webs.upv.es\/wp-content\/uploads\/2024\/02\/col_ins_did-300x193.jpg 300w\" sizes=\"auto, (max-width: 736px) 100vw, 736px\" \/><figcaption class=\"wp-element-caption\">Instrumentos para la Did\u00e1ctica de las Ciencias<\/figcaption><\/figure>\n\n\n\n<p class=\"has-small-font-size\"><em>Informaci\u00f3n sobre los instrumentos m\u00e1s caracter\u00edsticos de la \u00e9poca y son sus descripciones m\u00e1s detalladas posibles para una correcta compresi\u00f3n de los elementos que se est\u00e1n visualizando.<\/em><\/p>\n<\/div>\n<\/div>\n<\/div>\n<\/div>\n<\/div><\/div>\n<\/div>\n<\/div>\n","protected":false},"excerpt":{"rendered":"<p>Actualmente, el museo cuenta con m\u00e1s de setecientas piezas, doscientas cincuenta expuestas, que se reparten en 5 \u00e1reas tem\u00e1ticas: maquinaria industrial, instrumentos para la did\u00e1ctica de la ciencia, historia del&hellip;<\/p>\n","protected":false},"author":1,"featured_media":0,"parent":0,"menu_order":0,"comment_status":"closed","ping_status":"closed","template":"page-templates\/fullwidth.php","meta":{"footnotes":""},"class_list":["post-9","page","type-page","status-publish","hentry"],"_links":{"self":[{"href":"https:\/\/museucampusalcoi.webs.upv.es\/index.php?rest_route=\/wp\/v2\/pages\/9","targetHints":{"allow":["GET"]}}],"collection":[{"href":"https:\/\/museucampusalcoi.webs.upv.es\/index.php?rest_route=\/wp\/v2\/pages"}],"about":[{"href":"https:\/\/museucampusalcoi.webs.upv.es\/index.php?rest_route=\/wp\/v2\/types\/page"}],"author":[{"embeddable":true,"href":"https:\/\/museucampusalcoi.webs.upv.es\/index.php?rest_route=\/wp\/v2\/users\/1"}],"replies":[{"embeddable":true,"href":"https:\/\/museucampusalcoi.webs.upv.es\/index.php?rest_route=%2Fwp%2Fv2%2Fcomments&post=9"}],"version-history":[{"count":7,"href":"https:\/\/museucampusalcoi.webs.upv.es\/index.php?rest_route=\/wp\/v2\/pages\/9\/revisions"}],"predecessor-version":[{"id":73,"href":"https:\/\/museucampusalcoi.webs.upv.es\/index.php?rest_route=\/wp\/v2\/pages\/9\/revisions\/73"}],"wp:attachment":[{"href":"https:\/\/museucampusalcoi.webs.upv.es\/index.php?rest_route=%2Fwp%2Fv2%2Fmedia&parent=9"}],"curies":[{"name":"wp","href":"https:\/\/api.w.org\/{rel}","templated":true}]}}