{"id":86,"date":"2025-10-27T17:08:57","date_gmt":"2025-10-27T16:08:57","guid":{"rendered":"https:\/\/museucampusalcoi.webs.upv.es\/?page_id=86"},"modified":"2025-10-27T17:15:16","modified_gmt":"2025-10-27T16:15:16","slug":"enllacos","status":"publish","type":"page","link":"https:\/\/museucampusalcoi.webs.upv.es\/?page_id=86&lang=va","title":{"rendered":"Enlla\u00e7os"},"content":{"rendered":"\n<h2 class=\"wp-block-heading\">Altres museus a la UPV<\/h2>\n\n\n\n<div class=\"wp-block-columns is-layout-flex wp-container-core-columns-is-layout-9d6595d7 wp-block-columns-is-layout-flex\">\n<div class=\"wp-block-column is-layout-flow wp-block-column-is-layout-flow\">\n<figure class=\"wp-block-image size-full is-resized\"><img loading=\"lazy\" decoding=\"async\" width=\"427\" height=\"427\" src=\"https:\/\/museucampusalcoi.webs.upv.es\/wp-content\/uploads\/2025\/10\/mus_infor-1.jpg\" alt=\"\" class=\"wp-image-90\" style=\"width:225px\" srcset=\"https:\/\/museucampusalcoi.webs.upv.es\/wp-content\/uploads\/2025\/10\/mus_infor-1.jpg 427w, https:\/\/museucampusalcoi.webs.upv.es\/wp-content\/uploads\/2025\/10\/mus_infor-1-300x300.jpg 300w, https:\/\/museucampusalcoi.webs.upv.es\/wp-content\/uploads\/2025\/10\/mus_infor-1-150x150.jpg 150w\" sizes=\"auto, (max-width: 427px) 100vw, 427px\" \/><figcaption class=\"wp-element-caption\">Museu de la Inform\u00e0tica<\/figcaption><\/figure>\n<\/div>\n\n\n\n<div class=\"wp-block-column is-layout-flow wp-block-column-is-layout-flow\">\n<figure class=\"wp-block-image size-full is-resized\"><a href=\"https:\/\/museotelecomvlc.webs.upv.es\/\" target=\"_blank\" rel=\" noreferrer noopener\"><img loading=\"lazy\" decoding=\"async\" width=\"427\" height=\"427\" src=\"https:\/\/museucampusalcoi.webs.upv.es\/wp-content\/uploads\/2025\/10\/mus_teleco.jpg\" alt=\"\" class=\"wp-image-88\" style=\"width:225px\" srcset=\"https:\/\/museucampusalcoi.webs.upv.es\/wp-content\/uploads\/2025\/10\/mus_teleco.jpg 427w, https:\/\/museucampusalcoi.webs.upv.es\/wp-content\/uploads\/2025\/10\/mus_teleco-300x300.jpg 300w, https:\/\/museucampusalcoi.webs.upv.es\/wp-content\/uploads\/2025\/10\/mus_teleco-150x150.jpg 150w\" sizes=\"auto, (max-width: 427px) 100vw, 427px\" \/><\/a><figcaption class=\"wp-element-caption\">Museu de la Telecomunicaci\u00f3<\/figcaption><\/figure>\n<\/div>\n\n\n\n<div class=\"wp-block-column is-layout-flow wp-block-column-is-layout-flow\">\n<figure class=\"wp-block-image size-full is-resized\"><a href=\"https:\/\/www.upv.es\/entidades\/FPA\/info\/1018533normalc.html\" target=\"_blank\" rel=\" noreferrer noopener\"><img loading=\"lazy\" decoding=\"async\" width=\"427\" height=\"427\" src=\"https:\/\/museucampusalcoi.webs.upv.es\/wp-content\/uploads\/2025\/10\/mus_juguete.jpg\" alt=\"\" class=\"wp-image-89\" style=\"width:225px\" srcset=\"https:\/\/museucampusalcoi.webs.upv.es\/wp-content\/uploads\/2025\/10\/mus_juguete.jpg 427w, https:\/\/museucampusalcoi.webs.upv.es\/wp-content\/uploads\/2025\/10\/mus_juguete-300x300.jpg 300w, https:\/\/museucampusalcoi.webs.upv.es\/wp-content\/uploads\/2025\/10\/mus_juguete-150x150.jpg 150w\" sizes=\"auto, (max-width: 427px) 100vw, 427px\" \/><\/a><figcaption class=\"wp-element-caption\">Museu del Joguet<\/figcaption><\/figure>\n<\/div>\n<\/div>\n\n\n\n<h2 class=\"wp-block-heading\"><strong>V\u00eddeos<\/strong><\/h2>\n\n\n\n<div class=\"wp-block-columns is-layout-flex wp-container-core-columns-is-layout-9d6595d7 wp-block-columns-is-layout-flex\">\n<div class=\"wp-block-column is-layout-flow wp-block-column-is-layout-flow\">\n<figure class=\"wp-block-embed is-type-video is-provider-youtube wp-block-embed-youtube wp-embed-aspect-16-9 wp-has-aspect-ratio\"><div class=\"wp-block-embed__wrapper\">\n<iframe loading=\"lazy\" title=\"[DOCUMENTAL] Piedras que hablan, un recorrido hist\u00f3rico por el campus de Alcoy\" width=\"440\" height=\"248\" src=\"https:\/\/www.youtube.com\/embed\/YOjsQc83iU4?feature=oembed\" frameborder=\"0\" allow=\"accelerometer; autoplay; clipboard-write; encrypted-media; gyroscope; picture-in-picture; web-share\" referrerpolicy=\"strict-origin-when-cross-origin\" allowfullscreen><\/iframe>\n<\/div><\/figure>\n<\/div>\n\n\n\n<div class=\"wp-block-column is-layout-flow wp-block-column-is-layout-flow\">\n<p class=\"has-small-font-size\">Documental que conta la hist\u00f2ria dels quatre edificis que han albergat el campus de la UPV, des de l&#8217;Escola Industrial fins a l&#8217;actualitat. El professor i arquitecte Juan Francisco Pic\u00f3, qui va formar part de l&#8217;equip que va restaurar en el seu moment els edificis Carbonell i Ferr\u00e1ndiz, \u00e9s l&#8217;autor del gui\u00f3; l&#8217;actor alcoi\u00e0 Juli Cant\u00f3 s&#8217;encarrega de contar la hist\u00f2ria amb imatges actuals dels edificis, esguitades amb grafismes de l&#8217;\u00e8poca per a ambientar-la.<\/p>\n<\/div>\n<\/div>\n\n\n\n<div class=\"wp-block-columns is-layout-flex wp-container-core-columns-is-layout-9d6595d7 wp-block-columns-is-layout-flex\">\n<div class=\"wp-block-column is-layout-flow wp-block-column-is-layout-flow\">\n<figure class=\"wp-block-embed is-type-video is-provider-youtube wp-block-embed-youtube wp-embed-aspect-16-9 wp-has-aspect-ratio\"><div class=\"wp-block-embed__wrapper\">\n<iframe loading=\"lazy\" title=\"Ep. 4: Suecia y Noruega se movilizan para ayudar a Espa\u00f1a\" width=\"440\" height=\"248\" src=\"https:\/\/www.youtube.com\/embed\/dviGgfl6lhQ?feature=oembed\" frameborder=\"0\" allow=\"accelerometer; autoplay; clipboard-write; encrypted-media; gyroscope; picture-in-picture; web-share\" referrerpolicy=\"strict-origin-when-cross-origin\" allowfullscreen><\/iframe>\n<\/div><\/figure>\n<\/div>\n\n\n\n<div class=\"wp-block-column is-layout-flow wp-block-column-is-layout-flow\">\n<p class=\"has-small-font-size\">Els ressons de la Guerra Civil a Espanya van ressonar amb for\u00e7a entre milers d&#8217;an\u00f2nims ciutadans suecs i noruecs, que van iniciar un moviment solidari per a recol\u00b7lectar fons amb els quals es va equipar un hospital en ple cor de la Comunitat Valenciana. En aquest episodi, el cineasta Xavier Cort\u00e9s ens explica com va aconseguir \u2013 despr\u00e9s d&#8217;una exhaustiva investigaci\u00f3 en filmoteques i arxius hist\u00f2rics de tres pa\u00efsos \u2013 rescatar de l&#8217;oblit un cap\u00edtol poc conegut, posant en relleu un exemple d&#8217;ajuda humanit\u00e0ria a l&#8217;Europa d&#8217;entreguerres.<\/p>\n<\/div>\n<\/div>\n\n\n\n<div class=\"wp-block-columns is-layout-flex wp-container-core-columns-is-layout-9d6595d7 wp-block-columns-is-layout-flex\">\n<div class=\"wp-block-column is-layout-flow wp-block-column-is-layout-flow\">\n<figure class=\"wp-block-embed is-type-video is-provider-youtube wp-block-embed-youtube wp-embed-aspect-4-3 wp-has-aspect-ratio\"><div class=\"wp-block-embed__wrapper\">\n<iframe loading=\"lazy\" title=\"La historia del tren Chicharra (Alcoy-Gand\u00eda) (1993).\" width=\"440\" height=\"330\" src=\"https:\/\/www.youtube.com\/embed\/bH6yrylEh7Q?feature=oembed\" frameborder=\"0\" allow=\"accelerometer; autoplay; clipboard-write; encrypted-media; gyroscope; picture-in-picture; web-share\" referrerpolicy=\"strict-origin-when-cross-origin\" allowfullscreen><\/iframe>\n<\/div><\/figure>\n<\/div>\n\n\n\n<div class=\"wp-block-column is-layout-flow wp-block-column-is-layout-flow\">\n<p class=\"has-small-font-size\">Documental en valenci\u00e0 que conta la hist\u00f2ria del tren Chicharra (Alcoi-Gandia).<\/p>\n<\/div>\n<\/div>\n","protected":false},"excerpt":{"rendered":"<p>Altres museus a la UPV V\u00eddeos Documental que conta la hist\u00f2ria dels quatre edificis que han albergat el campus de la UPV, des de l&#8217;Escola Industrial fins a l&#8217;actualitat. El&hellip;<\/p>\n","protected":false},"author":1,"featured_media":0,"parent":0,"menu_order":0,"comment_status":"closed","ping_status":"closed","template":"page-templates\/fullwidth.php","meta":{"footnotes":""},"class_list":["post-86","page","type-page","status-publish","hentry"],"_links":{"self":[{"href":"https:\/\/museucampusalcoi.webs.upv.es\/index.php?rest_route=\/wp\/v2\/pages\/86","targetHints":{"allow":["GET"]}}],"collection":[{"href":"https:\/\/museucampusalcoi.webs.upv.es\/index.php?rest_route=\/wp\/v2\/pages"}],"about":[{"href":"https:\/\/museucampusalcoi.webs.upv.es\/index.php?rest_route=\/wp\/v2\/types\/page"}],"author":[{"embeddable":true,"href":"https:\/\/museucampusalcoi.webs.upv.es\/index.php?rest_route=\/wp\/v2\/users\/1"}],"replies":[{"embeddable":true,"href":"https:\/\/museucampusalcoi.webs.upv.es\/index.php?rest_route=%2Fwp%2Fv2%2Fcomments&post=86"}],"version-history":[{"count":6,"href":"https:\/\/museucampusalcoi.webs.upv.es\/index.php?rest_route=\/wp\/v2\/pages\/86\/revisions"}],"predecessor-version":[{"id":98,"href":"https:\/\/museucampusalcoi.webs.upv.es\/index.php?rest_route=\/wp\/v2\/pages\/86\/revisions\/98"}],"wp:attachment":[{"href":"https:\/\/museucampusalcoi.webs.upv.es\/index.php?rest_route=%2Fwp%2Fv2%2Fmedia&parent=86"}],"curies":[{"name":"wp","href":"https:\/\/api.w.org\/{rel}","templated":true}]}}

Enllaços

<h2 class="wp-block-heading">Altres museus a la UPV</h2>



<div class="wp-block-columns is-layout-flex wp-container-core-columns-is-layout-9d6595d7 wp-block-columns-is-layout-flex">
<div class="wp-block-column is-layout-flow wp-block-column-is-layout-flow">
<figure class="wp-block-image size-full is-resized"><img loading="lazy" decoding="async" width="427" height="427" src="https://museucampusalcoi.webs.upv.es/wp-content/uploads/2025/10/mus_infor-1.jpg" alt="" class="wp-image-90" style="width:225px" srcset="https://museucampusalcoi.webs.upv.es/wp-content/uploads/2025/10/mus_infor-1.jpg 427w, https://museucampusalcoi.webs.upv.es/wp-content/uploads/2025/10/mus_infor-1-300x300.jpg 300w, https://museucampusalcoi.webs.upv.es/wp-content/uploads/2025/10/mus_infor-1-150x150.jpg 150w" sizes="auto, (max-width: 427px) 100vw, 427px" /><figcaption class="wp-element-caption">Museu de la Informàtica</figcaption></figure>
</div>



<div class="wp-block-column is-layout-flow wp-block-column-is-layout-flow">
<figure class="wp-block-image size-full is-resized"><a href="https://museotelecomvlc.webs.upv.es/" target="_blank" rel=" noreferrer noopener"><img loading="lazy" decoding="async" width="427" height="427" src="https://museucampusalcoi.webs.upv.es/wp-content/uploads/2025/10/mus_teleco.jpg" alt="" class="wp-image-88" style="width:225px" srcset="https://museucampusalcoi.webs.upv.es/wp-content/uploads/2025/10/mus_teleco.jpg 427w, https://museucampusalcoi.webs.upv.es/wp-content/uploads/2025/10/mus_teleco-300x300.jpg 300w, https://museucampusalcoi.webs.upv.es/wp-content/uploads/2025/10/mus_teleco-150x150.jpg 150w" sizes="auto, (max-width: 427px) 100vw, 427px" /></a><figcaption class="wp-element-caption">Museu de la Telecomunicació</figcaption></figure>
</div>



<div class="wp-block-column is-layout-flow wp-block-column-is-layout-flow">
<figure class="wp-block-image size-full is-resized"><a href="https://www.upv.es/entidades/FPA/info/1018533normalc.html" target="_blank" rel=" noreferrer noopener"><img loading="lazy" decoding="async" width="427" height="427" src="https://museucampusalcoi.webs.upv.es/wp-content/uploads/2025/10/mus_juguete.jpg" alt="" class="wp-image-89" style="width:225px" srcset="https://museucampusalcoi.webs.upv.es/wp-content/uploads/2025/10/mus_juguete.jpg 427w, https://museucampusalcoi.webs.upv.es/wp-content/uploads/2025/10/mus_juguete-300x300.jpg 300w, https://museucampusalcoi.webs.upv.es/wp-content/uploads/2025/10/mus_juguete-150x150.jpg 150w" sizes="auto, (max-width: 427px) 100vw, 427px" /></a><figcaption class="wp-element-caption">Museu del Joguet</figcaption></figure>
</div>
</div>



<h2 class="wp-block-heading"><strong>Vídeos</strong></h2>



<div class="wp-block-columns is-layout-flex wp-container-core-columns-is-layout-9d6595d7 wp-block-columns-is-layout-flex">
<div class="wp-block-column is-layout-flow wp-block-column-is-layout-flow">
<figure class="wp-block-embed is-type-video is-provider-youtube wp-block-embed-youtube wp-embed-aspect-16-9 wp-has-aspect-ratio"><div class="wp-block-embed__wrapper">
<iframe loading="lazy" title="[DOCUMENTAL] Piedras que hablan, un recorrido histórico por el campus de Alcoy" width="440" height="248" src="https://www.youtube.com/embed/YOjsQc83iU4?feature=oembed" frameborder="0" allow="accelerometer; autoplay; clipboard-write; encrypted-media; gyroscope; picture-in-picture; web-share" referrerpolicy="strict-origin-when-cross-origin" allowfullscreen></iframe>
</div></figure>
</div>



<div class="wp-block-column is-layout-flow wp-block-column-is-layout-flow">
<p class="has-small-font-size">Documental que conta la història dels quatre edificis que han albergat el campus de la UPV, des de l&#8217;Escola Industrial fins a l&#8217;actualitat. El professor i arquitecte Juan Francisco Picó, qui va formar part de l&#8217;equip que va restaurar en el seu moment els edificis Carbonell i Ferrándiz, és l&#8217;autor del guió; l&#8217;actor alcoià Juli Cantó s&#8217;encarrega de contar la història amb imatges actuals dels edificis, esguitades amb grafismes de l&#8217;època per a ambientar-la.</p>
</div>
</div>



<div class="wp-block-columns is-layout-flex wp-container-core-columns-is-layout-9d6595d7 wp-block-columns-is-layout-flex">
<div class="wp-block-column is-layout-flow wp-block-column-is-layout-flow">
<figure class="wp-block-embed is-type-video is-provider-youtube wp-block-embed-youtube wp-embed-aspect-16-9 wp-has-aspect-ratio"><div class="wp-block-embed__wrapper">
<iframe loading="lazy" title="Ep. 4: Suecia y Noruega se movilizan para ayudar a España" width="440" height="248" src="https://www.youtube.com/embed/dviGgfl6lhQ?feature=oembed" frameborder="0" allow="accelerometer; autoplay; clipboard-write; encrypted-media; gyroscope; picture-in-picture; web-share" referrerpolicy="strict-origin-when-cross-origin" allowfullscreen></iframe>
</div></figure>
</div>



<div class="wp-block-column is-layout-flow wp-block-column-is-layout-flow">
<p class="has-small-font-size">Els ressons de la Guerra Civil a Espanya van ressonar amb força entre milers d&#8217;anònims ciutadans suecs i noruecs, que van iniciar un moviment solidari per a recol·lectar fons amb els quals es va equipar un hospital en ple cor de la Comunitat Valenciana. En aquest episodi, el cineasta Xavier Cortés ens explica com va aconseguir – després d&#8217;una exhaustiva investigació en filmoteques i arxius històrics de tres països – rescatar de l&#8217;oblit un capítol poc conegut, posant en relleu un exemple d&#8217;ajuda humanitària a l&#8217;Europa d&#8217;entreguerres.</p>
</div>
</div>



<div class="wp-block-columns is-layout-flex wp-container-core-columns-is-layout-9d6595d7 wp-block-columns-is-layout-flex">
<div class="wp-block-column is-layout-flow wp-block-column-is-layout-flow">
<figure class="wp-block-embed is-type-video is-provider-youtube wp-block-embed-youtube wp-embed-aspect-4-3 wp-has-aspect-ratio"><div class="wp-block-embed__wrapper">
<iframe loading="lazy" title="La historia del tren Chicharra (Alcoy-Gandía) (1993)." width="440" height="330" src="https://www.youtube.com/embed/bH6yrylEh7Q?feature=oembed" frameborder="0" allow="accelerometer; autoplay; clipboard-write; encrypted-media; gyroscope; picture-in-picture; web-share" referrerpolicy="strict-origin-when-cross-origin" allowfullscreen></iframe>
</div></figure>
</div>



<div class="wp-block-column is-layout-flow wp-block-column-is-layout-flow">
<p class="has-small-font-size">Documental en valencià que conta la història del tren Chicharra (Alcoi-Gandia).</p>
</div>
</div>

<p>Altres museus a la UPV Vídeos Documental que conta la història dels quatre edificis que han albergat el campus de la UPV, des de l&#8217;Escola Industrial fins a l&#8217;actualitat. El&hellip;</p>
